{"id":806,"date":"2024-05-24T15:52:06","date_gmt":"2024-05-24T13:52:06","guid":{"rendered":"https:\/\/poraj.com\/sklep\/?post_type=product&#038;p=806"},"modified":"2025-11-03T22:07:12","modified_gmt":"2025-11-03T21:07:12","slug":"e-book-autorskie-oczko-w-rekodzielnictwie-21-lekcji-z-prawa-autorskiego-dla-rekodzielniczek","status":"publish","type":"product","link":"https:\/\/poraj.com\/sklep\/produkt\/e-book-autorskie-oczko-w-rekodzielnictwie-21-lekcji-z-prawa-autorskiego-dla-rekodzielniczek\/","title":{"rendered":"Ebook Autorskie Oczko w r\u0119kodziele &#8211; 21 lekcji z prawa autorskiego dla r\u0119kodzielniczek"},"content":{"rendered":"<h2><strong>Ten e-book jest stworzony dla Ciebie, je\u015bli:<\/strong><\/h2>\n<ul>\n<li><strong>tworzysz lub masz pomys\u0142\u00a0<\/strong>na r\u0119kodzie\u0142o, kt\u00f3re chcesz sprzedawa\u0107,<\/li>\n<li>korzystasz z tutoriali, instrukta\u017cu i nie wiesz, kto ma prawa do takiego projektu,<\/li>\n<li>realizujesz\u00a0<strong>swoje kreatywne pomys\u0142y\u00a0<\/strong>i prawdopodobnie jeste\u015b tw\u00f3rc\u0105 w rozumieniu\u00a0<strong>prawa autorskiego<\/strong>,<\/li>\n<li>tworzysz na\u00a0<strong>u\u017cytek komercyjny<\/strong>\u00a0i tego dotyczy prowadzona przez Ciebie\u00a0<strong>promocja i sprzeda\u017c<\/strong>\u00a0Twojego r\u0119kodzie\u0142a,<\/li>\n<li>chcesz zrozumie\u0107,\u00a0<strong>na czym polega i jak dzia\u0142a prawo autorskie,<\/strong><\/li>\n<li>chcesz pozna\u0107\u00a0<strong>przydatne narz\u0119dzia,<\/strong>\u00a0kt\u00f3re b\u0119d\u0105 dla Ciebie pomocne,<\/li>\n<li>robisz zdj\u0119cia, relacje, kompozycje z Twoim r\u0119kodzie\u0142em i nie wiesz, co jest legalne i jak to robi\u0107.<\/li>\n<\/ul>\n","protected":false},"excerpt":{"rendered":"<p>Ten e-book jest stworzony dla Ciebie, je\u015bli: tworzysz lub masz pomys\u0142\u00a0na r\u0119kodzie\u0142o, kt\u00f3re chcesz sprzedawa\u0107, korzystasz z tutoriali, instrukta\u017cu i nie wiesz, kto ma prawa do takiego projektu, realizujesz\u00a0swoje kreatywne pomys\u0142y\u00a0i prawdopodobnie jeste\u015b tw\u00f3rc\u0105 w rozumieniu\u00a0prawa autorskiego, tworzysz na\u00a0u\u017cytek komercyjny\u00a0i tego dotyczy prowadzona przez Ciebie\u00a0promocja i sprzeda\u017c\u00a0Twojego r\u0119kodzie\u0142a, chcesz zrozumie\u0107,\u00a0na czym polega i jak dzia\u0142a [&hellip;]<\/p>\n","protected":false},"featured_media":1133,"template":"","meta":{"_acf_changed":false},"product_brand":[],"product_cat":[68],"product_tag":[],"wyroznione":[],"class_list":{"0":"post-806","1":"product","2":"type-product","3":"status-publish","4":"has-post-thumbnail","6":"product_cat-ebooki","8":"first","9":"instock","10":"downloadable","11":"virtual","12":"sold-individually","13":"taxable","14":"purchasable","15":"product-type-simple"},"acf":[],"_links":{"self":[{"href":"https:\/\/poraj.com\/sklep\/wp-json\/wp\/v2\/product\/806","targetHints":{"allow":["GET"]}}],"collection":[{"href":"https:\/\/poraj.com\/sklep\/wp-json\/wp\/v2\/product"}],"about":[{"href":"https:\/\/poraj.com\/sklep\/wp-json\/wp\/v2\/types\/product"}],"wp:featuredmedia":[{"embeddable":true,"href":"https:\/\/poraj.com\/sklep\/wp-json\/wp\/v2\/media\/1133"}],"wp:attachment":[{"href":"https:\/\/poraj.com\/sklep\/wp-json\/wp\/v2\/media?parent=806"}],"wp:term":[{"taxonomy":"product_brand","embeddable":true,"href":"https:\/\/poraj.com\/sklep\/wp-json\/wp\/v2\/product_brand?post=806"},{"taxonomy":"product_cat","embeddable":true,"href":"https:\/\/poraj.com\/sklep\/wp-json\/wp\/v2\/product_cat?post=806"},{"taxonomy":"product_tag","embeddable":true,"href":"https:\/\/poraj.com\/sklep\/wp-json\/wp\/v2\/product_tag?post=806"},{"taxonomy":"wyroznione","embeddable":true,"href":"https:\/\/poraj.com\/sklep\/wp-json\/wp\/v2\/wyroznione?post=806"}],"curies":[{"name":"wp","href":"https:\/\/api.w.org\/{rel}","templated":true}]}}