{"id":783,"date":"2024-04-02T15:00:09","date_gmt":"2024-04-02T13:00:09","guid":{"rendered":"https:\/\/poraj.com\/sklep\/?post_type=product&#038;p=783"},"modified":"2024-08-01T15:15:51","modified_gmt":"2024-08-01T13:15:51","slug":"rejestracja-znaku-towarowego-w-polsce","status":"publish","type":"product","link":"https:\/\/poraj.com\/sklep\/produkt\/rejestracja-znaku-towarowego-w-polsce\/","title":{"rendered":"Rejestracja znaku towarowego w Polsce"},"content":{"rendered":"<p>UWAGA. Dodatkowe koszty to op\u0142aty urz\u0119dowe. P\u0142atne osobno.<\/p>\n","protected":false},"excerpt":{"rendered":"<p>UWAGA. Dodatkowe koszty to op\u0142aty urz\u0119dowe. P\u0142atne osobno.<\/p>\n","protected":false},"featured_media":871,"template":"","meta":{"_acf_changed":false},"product_brand":[],"product_cat":[16],"product_tag":[],"wyroznione":[],"class_list":{"0":"post-783","1":"product","2":"type-product","3":"status-publish","4":"has-post-thumbnail","6":"product_cat-umowy-logotyp","8":"first","9":"instock","10":"downloadable","11":"virtual","12":"sold-individually","13":"taxable","14":"purchasable","15":"product-type-simple"},"acf":[],"_links":{"self":[{"href":"https:\/\/poraj.com\/sklep\/wp-json\/wp\/v2\/product\/783","targetHints":{"allow":["GET"]}}],"collection":[{"href":"https:\/\/poraj.com\/sklep\/wp-json\/wp\/v2\/product"}],"about":[{"href":"https:\/\/poraj.com\/sklep\/wp-json\/wp\/v2\/types\/product"}],"wp:featuredmedia":[{"embeddable":true,"href":"https:\/\/poraj.com\/sklep\/wp-json\/wp\/v2\/media\/871"}],"wp:attachment":[{"href":"https:\/\/poraj.com\/sklep\/wp-json\/wp\/v2\/media?parent=783"}],"wp:term":[{"taxonomy":"product_brand","embeddable":true,"href":"https:\/\/poraj.com\/sklep\/wp-json\/wp\/v2\/product_brand?post=783"},{"taxonomy":"product_cat","embeddable":true,"href":"https:\/\/poraj.com\/sklep\/wp-json\/wp\/v2\/product_cat?post=783"},{"taxonomy":"product_tag","embeddable":true,"href":"https:\/\/poraj.com\/sklep\/wp-json\/wp\/v2\/product_tag?post=783"},{"taxonomy":"wyroznione","embeddable":true,"href":"https:\/\/poraj.com\/sklep\/wp-json\/wp\/v2\/wyroznione?post=783"}],"curies":[{"name":"wp","href":"https:\/\/api.w.org\/{rel}","templated":true}]}}