{"id":560,"date":"2021-02-23T13:34:25","date_gmt":"2021-02-23T12:34:25","guid":{"rendered":"http:\/\/1.demooo.pl\/?post_type=product&#038;p=560"},"modified":"2024-08-13T23:13:41","modified_gmt":"2024-08-13T21:13:41","slug":"przeniesienie-praw-do-logo","status":"publish","type":"product","link":"https:\/\/poraj.com\/sklep\/produkt\/przeniesienie-praw-do-logo\/","title":{"rendered":"Prawa do LOGOTYPU &#8211; osoba PRAWNA + konsultacja"},"content":{"rendered":"<p>Umowa o Przeniesienie Praw do LOGOTYPU dla OSOBY PRAWNEJ<\/p>\n<p>Umowa reguluje niezb\u0119dne kwestie pozwalaj\u0105ce na:<\/p>\n<ul style=\"list-style-type: circle;\">\n<li>nabycie praw do zam\u00f3wionego i zap\u0142aconego projektu logo za jasno okre\u015blone wynagrodzenie<\/li>\n<li>u\u017cywanie zam\u00f3wionego logotypu i budowanie w oparciu o nie strategii marketingowej<\/li>\n<li>wprowadzanie zmian do grafiki<\/li>\n<li>zg\u0142oszenie logo jako znaku towarowego czy wzoru przemys\u0142owego<\/li>\n<li>zabezpieczenie przed kopiowaniem, pojawianiem si\u0119 analogicznych logotyp\u00f3w u konkurencji<\/li>\n<li>udzielanie licencji i czerpanie po\u017cytk\u00f3w, w tym budowanie biznesu w oparciu o franczyz\u0119<\/li>\n<li>ustalenie zasad dot. wynagrodzenia tak\u017ce w przypadku nowych pojawiaj\u0105cych si\u0119 obszar\u00f3w (tzw. p\u00f3l eksploatacji)<\/li>\n<li>o\u015bwiadczenia tw\u00f3rcy dot. wykonywania praw autorskich osobistych.<\/li>\n<\/ul>\n","protected":false},"excerpt":{"rendered":"<h4>Umowa o Przeniesienie Praw do LOGOTYPU dla OSOBY PRAWNEJ<\/h4>\n","protected":false},"featured_media":869,"template":"","meta":{"_acf_changed":false},"product_brand":[],"product_cat":[47],"product_tag":[57],"wyroznione":[],"class_list":{"0":"post-560","1":"product","2":"type-product","3":"status-publish","4":"has-post-thumbnail","6":"product_cat-os-prawna-logo","7":"product_tag-umowa-dla-osoby-prawnej","9":"first","10":"instock","11":"downloadable","12":"virtual","13":"sold-individually","14":"taxable","15":"purchasable","16":"product-type-simple"},"acf":[],"_links":{"self":[{"href":"https:\/\/poraj.com\/sklep\/wp-json\/wp\/v2\/product\/560","targetHints":{"allow":["GET"]}}],"collection":[{"href":"https:\/\/poraj.com\/sklep\/wp-json\/wp\/v2\/product"}],"about":[{"href":"https:\/\/poraj.com\/sklep\/wp-json\/wp\/v2\/types\/product"}],"wp:featuredmedia":[{"embeddable":true,"href":"https:\/\/poraj.com\/sklep\/wp-json\/wp\/v2\/media\/869"}],"wp:attachment":[{"href":"https:\/\/poraj.com\/sklep\/wp-json\/wp\/v2\/media?parent=560"}],"wp:term":[{"taxonomy":"product_brand","embeddable":true,"href":"https:\/\/poraj.com\/sklep\/wp-json\/wp\/v2\/product_brand?post=560"},{"taxonomy":"product_cat","embeddable":true,"href":"https:\/\/poraj.com\/sklep\/wp-json\/wp\/v2\/product_cat?post=560"},{"taxonomy":"product_tag","embeddable":true,"href":"https:\/\/poraj.com\/sklep\/wp-json\/wp\/v2\/product_tag?post=560"},{"taxonomy":"wyroznione","embeddable":true,"href":"https:\/\/poraj.com\/sklep\/wp-json\/wp\/v2\/wyroznione?post=560"}],"curies":[{"name":"wp","href":"https:\/\/api.w.org\/{rel}","templated":true}]}}

<p>Umowa o Przeniesienie Praw do LOGOTYPU dla OSOBY PRAWNEJ</p>
<p>Umowa reguluje niezbędne kwestie pozwalające na:</p>
<ul style="list-style-type: circle;">
<li>nabycie praw do zamówionego i zapłaconego projektu logo za jasno określone wynagrodzenie</li>
<li>używanie zamówionego logotypu i budowanie w oparciu o nie strategii marketingowej</li>
<li>wprowadzanie zmian do grafiki</li>
<li>zgłoszenie logo jako znaku towarowego czy wzoru przemysłowego</li>
<li>zabezpieczenie przed kopiowaniem, pojawianiem się analogicznych logotypów u konkurencji</li>
<li>udzielanie licencji i czerpanie pożytków, w tym budowanie biznesu w oparciu o franczyzę</li>
<li>ustalenie zasad dot. wynagrodzenia także w przypadku nowych pojawiających się obszarów (tzw. pól eksploatacji)</li>
<li>oświadczenia twórcy dot. wykonywania praw autorskich osobistych.</li>
</ul>
